x(a) = -1053*a - 6541. Calculate x(-6).
-223
Let s(r) = 508*r + 3573. Give s(-13).
-3031
Let z(q) = -q**3 + 34*q**2 + 180*q - 3921. Determine z(36).
-33
Let g(u) = -u**3 + 8*u**2 - 162*u + 960. Determine g(6).
60
Let l(y) = -y**3 - 8*y**2 + 28*y - 52. Give l(-11).
3
Let n(s) = 1548*s**2 + 10831*s + 55. Calculate n(-7).
90
Let y(n) = -2*n**2 - 666*n + 20233. Calculate y(28).
17
Let r(n) = 2*n**2 - 1636. What is r(-27)?
-178
Let o(b) = 2468*b - 136928. What is o(55)?
-1188
Let k(a) = 12275*a - 159578. Determine k(13).
-3
Let y(l) = -l**2 - 11203*l - 390718. What is y(-35)?
162
Let l(x) = 1169*x - 72415. What is l(62)?
63
Let p(z) = z**3 - 237*z**2 - 1936*z - 12. Determine p(-8).
-204
Let f(p) = 39*p**3 - 5*p**2 + 7*p + 8. Give f(0).
8
Let d(u) = -52*u**2 + 541*u + 2661. Determine d(-5).
-1344
Let k(z) = -z**3 + 92*z**2 + 92*z + 1391. Give k(93).
1298
Let d(u) = -12*u**3 + 25*u**2 - 58*u + 57. What is d(2)?
-55
Let h(q) = -3*q**3 - q**2 + 306*q + 1545. What is h(-5)?
365
Let x(c) = -30*c**3 + 361*c**2 - 231*c + 2665. Determine x(12).
37
Let t(j) = -3*j**2 + 4583*j - 217362. Determine t(49).
2
Let u(k) = -6144*k + 73728. What is u(12)?
0
Let f(q) = 4*q**2 - 1090*q + 7956. Determine f(265).
6
Let a(g) = -29*g**3 - 521*g**2 - 21*g - 642. What is a(-18)?
60
Let j(u) = -6*u**2 - 1651*u + 6390. Determine j(-279).
-27
Let o(p) = p**3 - 209*p**2 + 4857*p - 17. Determine o(27).
-1556
Let n(a) = 3*a**2 + 478*a - 12676. Calculate n(23).
-95
Let x(f) = -72413*f - 362071. Determine x(-5).
-6
Let t(x) = -376*x + 472. What is t(1)?
96
Let f(a) = 12553*a + 125526. Calculate f(-10).
-4
Let d(g) = 9158*g + 155689. Determine d(-17).
3
Let f(n) = -15*n**3 - 25*n**2 - 17*n - 41. Give f(-3).
190
Let w(s) = -165*s**2 - 147*s - 630. Determine w(-5).
-4020
Let m(l) = l**3 - 43*l**2 + 159*l - 62. What is m(39)?
55
Let i(c) = -c**3 + 15*c**2 + 763*c - 293. What is i(36)?
-41
Let r(f) = -f**3 + 375*f**2 + 1871*f + 11071. Determine r(380).
51
Let c(w) = -1165*w - 12286. Determine c(-11).
529
Let p(f) = 8*f**2 + 1023*f + 4010. Calculate p(-4).
46
Let x(d) = 7909*d + 1162618. Determine x(-147).
-5
Let k(d) = d**3 - 1257*d**2 + 21013*d + 83072. What is k(1240)?
-8
Let d(s) = -34*s**2 - 1635*s + 13075. Give d(7).
-36
Let y(u) = 14*u**3 - u**2 + 247*u - 247. Determine y(1).
13
Let t(l) = 255*l - 4584. Determine t(17).
-249
Let c(i) = -1299*i**2 - 1014*i - 14. Give c(-2).
-3182
Let x(q) = 4729*q + 80383. Calculate x(-17).
-10
Let b(l) = -741*l + 48247. What is b(65)?
82
Let v(d) = -277*d + 13862. Determine v(65).
-4143
Let g(l) = 62193*l + 1243848. Determine g(-20).
-12
Let w(v) = -12*v**2 - 54*v + 159. What is w(3)?
-111
Let g(s) = -11*s**2 - 247*s - 199. Give g(-20).
341
Let t(y) = 9266*y + 74503. Give t(-8).
375
Let p(w) = w**3 - 9*w**2 - 173*w + 1758. What is p(17)?
1129
Let u(n) = -n**3 + 4*n**2 - 3009*n - 18176. Calculate u(-6).
238
Let g(v) = 2*v**3 + 29*v**2 - 469*v - 5991. Give g(-11).
15
Let d(z) = -44*z**2 + 15*z + 18. Give d(-1).
-41
Let u(o) = 55*o**3 - 8*o**2 + 13*o - 10. Determine u(1).
50
Let w(m) = 97*m**2 + 7669*m - 403. Determine w(-79).
-877
Let p(f) = 7*f**2 + 63151*f + 693810. Determine p(-11).
-4
Let b(i) = -367*i**2 + 1766*i + 334. Calculate b(5).
-11
Let j(a) = 3442*a - 31413. What is j(9)?
-435
Let q(w) = -w**2 - 1297*w - 69459. Calculate q(-56).
37
Let r(t) = 5128*t - 51846. Determine r(10).
-566
Let u(w) = -w**2 + 507854*w - 12695724. Calculate u(25).
1
Let b(u) = -102*u**2 + 167*u + 36073. Determine b(-18).
19
Let d(l) = -4*l**2 - 41667*l - 125012. Calculate d(-3).
-47
Let b(j) = 8963*j + 2285813. Give b(-255).
248
Let m(h) = h**3 - 11*h**2 - 992*h + 9180. What is m(9)?
90
Let o(c) = -466888*c + 4201952. What is o(9)?
-40
Let u(d) = d**3 + 36*d**2 - 502*d - 18197. Give u(-36).
-125
Let p(n) = -44*n**2 + 4129*n + 659. Calculate p(94).
1
Let v(u) = -23*u - 1500. Calculate v(-93).
639
Let d(z) = -6018*z - 76740. What is d(-13)?
1494
Let s(g) = -189*g + 11868. What is s(62)?
150
Let v(x) = -2813*x - 61963. What is v(-22)?
-77
Let a(q) = 2*q + 678. Give a(-15).
648
Let p(k) = -1419*k + 2776. What is p(2)?
-62
Let q(h) = h**2 - 70*h + 1682. Calculate q(28).
506
Let n(h) = -33*h + 479. Calculate n(15).
-16
Let j(v) = 12*v**2 - 4717*v - 4713. Determine j(-1).
16
Let m(b) = -485*b + 2958. What is m(6)?
48
Let h(q) = 3*q**3 + 4*q**2 + 1854. Determine h(0).
1854
Let v(n) = 2*n**2 - 477*n + 1878. What is v(4)?
2
Let d(v) = v**3 - 71*v**2 - 305*v + 11697. Determine d(73).
90
Let m(a) = -8*a**2 + 8577*a - 128653. Calculate m(15).
-1798
Let c(j) = j**3 - 15399*j**2 + 46326*j - 421. Determine c(3).
-7
Let k(o) = -2*o**3 - 252*o**2 + 4087*o - 20156. Give k(-141).
7
Let r(h) = h**3 - 19*h**2 - 91*h + 2183. Give r(16).
-41
Let q(l) = -4*l**3 + 48*l**2 + 27*l - 360. Give q(12).
-36
Let i(c) = -116*c**2 + 72379*c + 3132. What is i(624)?
12
Let n(w) = -3688*w + 394625. Calculate n(107).
9
Let a(h) = -h**2 - 199192*h. Give a(0).
0
Let a(f) = 41*f**3 - 8*f**2 + 576*f - 3277. What is a(6)?
8747
Let g(d) = -2*d**2 + 196*d + 392. Give g(-2).
-8
Let t(h) = -3004*h - 1501992. Calculate t(-500).
8
Let o(g) = -177309*g + 73228614. Determine o(413).
-3
Let d(s) = 194*s - 2041. Calculate d(10).
-101
Let i(t) = -225*t - 20504. What is i(-105)?
3121
Let o(g) = 3244*g + 3471. Give o(-1).
227
Let w(f) = 97379*f - 876423. Calculate w(9).
-12
Let p(f) = 3*f**2 - 1358*f + 42699. Determine p(34).
-5
Let x(b) = 2044579*b - 2044562. Give x(1).
17
Let w(h) = -2414*h + 2319853. What is w(961)?
-1
Let v(x) = -1520*x - 19561. What is v(-13)?
199
Let m(y) = -856*y - 4189. What is m(-5)?
91
Let h(n) = 4*n**2 + 916*n + 47109. What is h(-78)?
-3
Let z(o) = -307*o**2 - 10115*o + 517. Calculate z(-33).
-11
Let f(y) = -2*y**3 - 318*y**2 + 683*y - 46825. Determine f(-162).
-7
Let w(o) = 1122*o - 207577. Calculate w(185).
-7
Let t(x) = x**3 - 17*x**2 - 1702*x - 1596. Calculate t(51).
36
Let p(f) = -4919*f + 14795. Calculate p(3).
38
Let q(c) = c**2 + 1251*c + 210196. Calculate q(-200).
-4
Let o(s) = -74653*s + 9182331. Determine o(123).
12
Let u(c) = c**2 - 1553*c + 106639. What is u(72)?
7
Let i(h) = 4*h**3 - 190*h**2 - 373*h + 3816. What is i(49)?
-55
Let q(i) = -i**3 - 46*i**2 - 32*i - 3776. Calculate q(-46).
-2304
Let m(t) = 37*t**2 - 3026*t + 58243. What is m(31)?
-6
Let b(t) = 5*t**3 - 493*t**2 + 292*t + 91. Give b(98).
-105
Let x(n) = -23728*n + 262481. Determine x(11).
1473
Let m(z) = z**2 + 496*z + 48284. Calculate m(-133).
5
Let r(c) = 2935*c + 46946. What is r(-16)?
-14
Let a(o) = 32491*o + 1299639. Calculate a(-40).
-1
Let y(n) = 240*n + 20086. What is y(-83)?
166
Let u(f) = -f**3 - 21*f**2 - 4431*f - 93414. Give u(-21).
-363
Let d(z) = z**3 + 242*z**2 + 402*z - 18720. Determine d(-240).
0
Let w(y) = 4*y**3 + 188*y**2 + 47*y + 313. Calculate w(-47).
-1896
Let m(h) = -28*h**2 + 5265*h + 32614. Give m(-6).
16
Let u(g) = -9707*g - 59087. Give u(-6).
-845
Let w(m) = -109565*m - 547849. Give w(-5).
-24
Let i(y) = -838*y - 38593. Calculate i(-46).
-45
Let l(k) = -3977*k - 608487. Calculate l(-153).
-6
Let g(u) = -121*u**3 + 725*u**2 - 17*u + 134. Determine g(6).
-4
Let p(i) = 33*i**2 + 13530*i + 13507. Calculate p(-1).
10
Let o(n) = 7737*n + 46435. Calculate o(-6).
13
Let t(x) = 14*x**3 - 41*x**2 - 81*x + 238. Give t(3).
4
Let k(j) = 67*j**3 + 9*j**2 - 434*j + 426. What is k(1)?
68
Let r(a) = -a**2 + 1632*a - 173130. Calculate r(114).
-78
Let o(b) = -7*b**2 + 206334*b - 412664. Calculate o(2).
-24
Let c(m) = -5*m**3 + 279*m**2 + 55*m + 54. Give c(56).
-2
Let y(w) = w**3 + 272*w**2 - 777*w - 211261. Calculate y(-272).
83
Let o(k) = -4*k**3 - 141*k**2 - 808*k - 7. What is o(-6)?
629
Let l(z) = -2267*z + 29656. Calculate l(13).
185
Let q(n) = -n**2 - 7239*n - 72306. Determine q(-10).
-16
Let d(r) = r**3 + 22*r**2 + 94*r + 1671. Calculate d(-21).
138
Let f(z) = -z**3 + 161*z**2 + 4*z - 653. Determine f(161).
-9
Let w(h) = -81*h**2 - 22114*h - 229. What is w(-273)?
44
Let v(u) = 18841*u - 8195835. What is v(435)?
0
Let b(q) = -q**3 - 99*q**2 - 2061*q - 103. Determine b(-29).
796
Let y(a) = -257*a**2 + 245204*a - 24789. Determine y(954).
15
Let r(i) = -4*i**3 + 10*i**2 - 12*i - 65. What is r(-2)?
31
Let x(a) = -a**3 - 25*a**2 - 47*a - 3. Calculate x(-23).
20
Let z(s) = -s**3 + 36*s**2 - 123*s - 407. Ca